 d.
2, 3, 5
Let j = 13 - 21. Let t = -5 - j. Suppose t*q - 20 = q. What are the prime factors of q?
2, 5
Let r(l) = -29*l + 59. Let j(c) = -19*c + 39. Let z(i) = -8*j(i) + 5*r(i). What are the prime factors of z(9)?
2, 23
Let n = 171 + -59. List the prime factors of n.
2, 7
Let j be 30/4*(-40)/25. Let h = 31 + j. List the prime factors of h.
19
Let g = -90 - -133. Suppose g = 5*j + 18. What are the prime factors of j?
5
Suppose -93 = 2*l - 493. What are the prime factors of l?
2, 5
Suppose 2*j + 11 = 4*g - 3*g, -j = 2*g - 17. Let v(k) = -g*k**3 + k**2 - k**2 - k. List the prime factors of v(-1).
2, 5
Let o(i) = -14*i - 2. What are the prime factors of o(-10)?
2, 3, 23
Suppose -56 - 74 = -5*l. Suppose o = 3*o - l. What are the prime factors of o?
13
Let g be (6 + -3 - 2)*-3. Let t(x) = x**3 + 3*x**2 - 2*x - 3. Let i be t(g). Suppose 4*o + 4*l = 88, i*l - 13 = -1. List the prime factors of o.
2, 3
Suppose -3*u + 69 = 2*b, 5*b + u - 168 = -2*u. Suppose -b = 3*m + 15. What are the prime factors of m/(-6) - (-1)/3?
3
Suppose 4*f + 86 = -5*i, 2*f + 36 = -4*i - 34. Let c = i + 24. List the prime factors of c.
2, 3
Suppose 8*i - 10*i = 0. Suppose -3*z + 12 = -i*z. List the prime factors of z.
2
Let n be -1 - (2 - 28)/1. Let m be (28/(-6))/(3/9). Let t = m + n. What are the prime factors of t?
11
Let v(t) = -6*t - 10. Suppose 0 = 4*s - s - 6. Let j(q) = -2*q - 3. Let f(r) = s*v(r) - 7*j(r). List the prime factors of f(1).
3
Suppose -42 = 8*f - 11*f. List the prime factors of f.
2, 7
Let b = -19 + 76. Suppose 3*c + 2*c = -4*m + b, 3*m = 9. List the prime factors of c.
3
Let k = 59 + 47. What are the prime factors of k?
2, 53
Suppose 4*t - 2*t = 66. List the prime factors of t.
3, 11
Suppose -444 = -2*d + 342. What are the prime factors of d?
3, 131
Let w(o) = o**2 + 19*o + 21. List the prime factors of w(-19).
3, 7
Let f = -5 - -8. Suppose 4*h + 5*g - 22 = f*g, -g = h - 8. Suppose 3*l + 4*v - 11 = 0, h*l = v - 0*v + 31. What are the prime factors of l?
3
Suppose v - 18 = -3*b, -3*v + 42 - 4 = 5*b. Let x = 8 - v. List the prime factors of (x/3)/((-4)/(-24)).
2
Let c(t) = 5*t + 4. Let a(s) = -s. Let o(u) = 6*a(u) + c(u). Let r be o(0). Suppose 2*m - 3*m = -4, 3*k = r*m + 14. List the prime factors of k.
2, 5
Let i = 17 + -10. Let m = -1 + -3. Let n = m + i. What are the prime factors of n?
3
Let r(g) = g**3 + 3*g**2 + g + 1. Let p be r(-2). Suppose p*h = 2*h + 15. List the prime factors of h.
3, 5
Let p(b) = -b - 2. Let h be p(-2). Suppose h*z + 9 = 3*z. List the prime factors of z.
3
Suppose 0 = 2*f + 2*f + 96. Let t = -6 - f. What are the prime factors of t?
2, 3
Let h(t) = -t**2 + 10*t + 6. Let y be h(10). List the prime factors of 80/24 - 2/y.
3
Suppose -4*a = 4*b - 14 - 38, 5*a = b + 5. Let q be (-4 - 1)*12/b. What are the prime factors of 9/q*(-44)/6?
11
Let u be (-6)/(-3) + 4 + -2. Suppose 0 = 4*n, 0 = 3*i + u*n - 54. What are the prime factors of i?
2, 3
Let f = -10 + 10. Suppose 4*a + 2*q = 22, -a + f*q + 4*q = 17. List the prime factors of a.
3
Suppose -3*o = -2*g + 557, 0*o - 3*o + 1403 = 5*g. List the prime factors of g.
2, 5, 7
Suppose 9*a - 4*a = 15. Suppose -2 = -d + a. Suppose 3*w - 5 = 4, -w = d*y - 58. What are the prime factors of y?
11
Suppose -2*d = a - 113, 0*d + 245 = 5*d - 5*a. What are the prime factors of d?
2, 3
Let r(y) = -2*y - 6. Let a be r(-5). List the prime factors of 136/14 + a/14.
2, 5
Let n = 41 - 22. Let m = n + -7. List the prime factors of m.
2, 3
Let i = 11 - 5. Let d(h) = h**3 - 7*h**2 + 8*h - 8. Let w be d(i). Suppose -8 = -2*f - w*z, z = -3*f + f + 23. List the prime factors of f.
2, 7
Let y = 7 + -4. Let p = -1 + y. List the prime factors of p.
2
Let g(b) = -b**2 - 6*b. Let i be g(-5). Suppose m = -i*u + u + 32, -8 = -u - 4*m. List the prime factors of u.
2
Let n be (0 - 1) + 118 - 3. Let d = n + -66. Suppose 0 = k - 4*k + d. What are the prime factors of k?
2
Let c = -62 - -168. What are the prime factors of c?
2, 53
Suppose -2*l = 3*l - 210. What are the prime factors of (-4)/(4/(-1)) + l?
43
Suppose 9 = 2*s + 3. Let f be 0*(-3)/(s + -6). What are the prime factors of f - (-2)/3*6?
2
Let a = 375 + -245. List the prime factors of a.
2, 5, 13
Let f(b) = 3*b**2 - 10*b - 23. What are the prime factors of f(10)?
3, 59
Suppose k - 2*y + 3 = 2, -4*k - 2*y = 4. Let q(d) = -16*d + 1. List the prime factors of q(k).
17
Let i(r) = -r**3 - 5*r**2 - 4*r. Let d be i(-4). Suppose -4*x + 2*p + 80 = d, 3*x - p - 46 = 4*p. List the prime factors of 404/44 - 4/x.
3
Suppose 0 = -0*q - 5*q + 30. Let s = -4 + q. Suppose x - 16 - s = 0. List the prime factors of x.
2, 3
Suppose 0 = 4*n + 3*p - 7, -n = -3*n - 5*p - 7. Suppose -n*v + 6 = -6. Let z(r) = r**3 - 3*r**2 + r + 1. What are the prime factors of z(v)?
2
Let v = 42 - -5. What are the prime factors of v?
47
Let n = -18 - -42. List the prime factors of n.
2, 3
Let o = 21 + 53. What are the prime factors of o?
2, 37
Let l(j) = -j - 3. List the prime factors of l(-6).
3
Let c = 15 + 31. Suppose -p - p + 62 = 3*u, -u = -2*p + c. List the prime factors of p.
5
Suppose 16*z + 2*t = 12*z + 558, 0 = 5*z - t - 701. What are the prime factors of z?
2, 5, 7
Let q = 9 - 13. Let s be q + 2 - (-43 + 0). Suppose -9 = 3*x, 4*x = 3*r + 2 - s. List the prime factors of r.
3
Let h = -53 - -104. Let n = 94 - h. List the prime factors of n.
43
Let q(g) = -g. Let b(t) = -2*t. Let w be b(3). Let x(s) = s**2 + 8*s + 8. Let f be x(w). What are the prime factors of q(f)?
2
Let n(i) = -3*i - 12. Let j be (-2)/(((-20)/(-16))/5). List the prime factors of n(j).
2, 3
Suppose 0 = 3*i - t + 2, -3*t + 15 = -5*i + t. List the prime factors of (-1)/1*i + 25.
2, 3
List the prime factors of 24/(-10)*(1 + 201/(-6)).
2, 3, 13
Suppose 3*o = 6 + 9. Suppose 0*k + 2 = 4*v - 5*k, -4*k = -v - o. List the prime factors of v.
3
Suppose 5*s - 115 - 85 = 0. List the prime factors of s.
2, 5
Let h(w) = -15*w**3 - 2*w**2 + 1. Suppose b - 4 = 3*y, -8 = 8*y - 3*y - 3*b. List the prime factors of h(y).
2, 7
Let n = -36 - -76. Suppose -10 + n = 3*u. List the prime factors of u.
2, 5
Let f be 9 - (3 - -1)/2. Let j(s) = -s**2 + 7*s. Let d be j(f). List the prime factors of d - (-7)/((-21)/(-18)).
2, 3
Let l be -1*5*(1 - 2). Suppose -l*y - 2*u = -113, -u + 12 = 2*u. List the prime factors of y.
3, 7
Suppose 3*v - 14 - 13 = 0. Let f be (-51)/v - 2/6. List the prime factors of (10/15)/((-2)/f).
2
Suppose 0 = 4*d + 4, -2*q - 4*d = -3*q + 236. What are the prime factors of q?
2, 29
Suppose -2*l = h, l + 2*h = -l. Suppose 2*j + l*j - 8 = 0. List the prime factors of j.
2
Let n = -1 + 4. Suppose 1 = 2*y + n. What are the prime factors of 7 - -3*y/3?
2, 3
Let c(q) = q**3 - 8*q**2 + 2*q + 2. What are the prime factors of c(10)?
2, 3, 37
Let m(f) = 7*f + 3. Let o(d) = 3*d + 2. Let q(t) = 6*m(t) - 10*o(t). Let x be q(2). List the prime factors of x*(-2 - 15/(-6)).
11
Let o = -2 - -9. Suppose 2*g - 9 = -3*x - 0*g, 2*x + 2*g = 8. What are the prime factors of (o/2)/(x/2)?
7
Let a(p) = -p**3 - 12*p**2 + 13*p - 12. Let z be a(-13). Let m = z + 29. What are the prime factors of m?
17
Let t(p) = -2*p**3 - p**2 - 2*p + 4. Let w be t(-3). Suppose 2*q = -3*x + 20, -3*x + w = -0*x - 5*q. What are the prime factors of x?
2, 5
Let s(b) = -b**3 + 10*b**2 - 8*b + 9. Let u be s(9). Suppose 5*d = 2*d + u. What are the prime factors of ((-3)/2)/(d/(-8))?
2
List the prime factors of 663*-1*3/(-9).
13, 17
Let b = 1 - -1. Let i = -1 - b. Let y(o) = -o**2 - 5*o - 4. List the prime factors of y(i).
2
Suppose q = -q - 12. Let y be (-15)/q*(-6)/(-5). Suppose -10 = -y*d - 2*d. List the prime factors of d.
2
Suppose 22 = -q + 3*q. What are the prime factors of (-2 + 1)*2 + q?
3
Let y = -2 - -4. Suppose 0 = -2*u + 6, -y*t + 9 + 0 = u. Suppose -3 + 4 = -w + 2*f, -2*w + 3*f = -t. What are the prime factors of w?
3
Let q(h) = 5*h + 6. List the prime factors of q(3).
3, 7
Let w be 0 - ((-10)/(-2) - -1). Suppose -16 = m + 3*m. Let b = m - w. List the prime factors of b.
2
Let g = 54 - 35. List the prime factors of g.
19
Let w(g) = -2*g**3 - 4*g**2 - g - 1. Let m be w(-3). Suppose -n + m + 21 = 0. What are the prime factors of n?
41
Let v(m) = m**3 + 6*m**2 + 5*m - 3. Let b be v(-4). Let j = b + 31. What are the prime factors of j?
2, 5
What are the prime factors of 10/(-